rime factors of 1303?
1303
List the prime factors of 521.
521
What are the prime factors of 299?
13, 23
What are the prime factors of 5096?
2, 7, 13
What are the prime factors of 7020?
2, 3, 5, 13
List the prime factors of 3050.
2, 5, 61
List the prime factors of 2177.
7, 311
What are the prime factors of 951?
3, 317
List the prime factors of 32743.
137, 239
What are the prime factors of 929?
929
List the prime factors of 471.
3, 157
What are the prime factors of 1345?
5, 269
What are the prime factors of 1219?
23, 53
What are the prime factors of 109560?
2, 3, 5, 11, 83
List the prime factors of 6499.
67, 97
List the prime factors of 40066.
2, 13, 23, 67
What are the prime factors of 1300?
2, 5, 13
List the prime factors of 125035.
5, 17, 1471
What are the prime factors of 1593?
3, 59
List the prime factors of 1894.
2, 947
List the prime factors of 8004.
2, 3, 23, 29
What are the prime factors of 17117?
17117
List the prime factors of 1263.
3, 421
List the prime factors of 39513.
3, 13171
List the prime factors of 6413.
11, 53
What are the prime factors of 82860?
2, 3, 5, 1381
What are the prime factors of 9565?
5, 1913
List the prime factors of 888.
2, 3, 37
List the prime factors of 1461.
3, 487
List the prime factors of 376.
2, 47
List the prime factors of 4061.
31, 131
List the prime factors of 64211.
7, 9173
What are the prime factors of 14381?
73, 197
What are the prime factors of 13859?
13859
List the prime factors of 1968.
2, 3, 41
What are the prime factors of 71369?
23, 29, 107
What are the prime factors of 30586?
2, 41, 373
List the prime factors of 925.
5, 37
List the prime factors of 1346.
2, 673
What are the prime factors of 49835?
5, 9967
List the prime factors of 18005.
5, 13, 277
List the prime factors of 28303.
11, 31, 83
What are the prime factors of 1799?
7, 257
What are the prime factors of 2757?
3, 919
What are the prime factors of 79?
79
What are the prime factors of 26110?
2, 5, 7, 373
List the prime factors of 62461.
7, 8923
List the prime factors of 7091.
7, 1013
List the prime factors of 49852.
2, 11, 103
What are the prime factors of 3890?
2, 5, 389
List the prime factors of 64672.
2, 43, 47
What are the prime factors of 15913?
15913
What are the prime factors of 16875?
3, 5
List the prime factors of 1396.
2, 349
List the prime factors of 57.
3, 19
List the prime factors of 15458.
2, 59, 131
What are the prime factors of 1653?
3, 19, 29
What are the prime factors of 57282?
2, 3, 9547
What are the prime factors of 1810?
2, 5, 181
What are the prime factors of 4217?
4217
What are the prime factors of 2344?
2, 293
List the prime factors of 15872.
2, 31
What are the prime factors of 13476?
2, 3, 1123
List the prime factors of 1215.
3, 5
List the prime factors of 6185.
5, 1237
What are the prime factors of 5306?
2, 7, 379
What are the prime factors of 26?
2, 13
What are the prime factors of 13192?
2, 17, 97
List the prime factors of 49766.
2, 149, 167
What are the prime factors of 306?
2, 3, 17
What are the prime factors of 8820?
2, 3, 5, 7
What are the prime factors of 1594?
2, 797
What are the prime factors of 7569?
3, 29
List the prime factors of 179897.
179897
What are the prime factors of 208?
2, 13
What are the prime factors of 1016?
2, 127
What are the prime factors of 3157?
7, 11, 41
What are the prime factors of 141197?
7, 23, 877
What are the prime factors of 18797?
18797
What are the prime factors of 7254?
2, 3, 13, 31
List the prime factors of 15245.
5, 3049
List the prime factors of 185.
5, 37
What are the prime factors of 763?
7, 109
List the prime factors of 2440.
2, 5, 61
What are the prime factors of 1741?
1741
List the prime factors of 39404.
2, 9851
List the prime factors of 21579.
3, 7193
What are the prime factors of 797?
797
List the prime factors of 59895.
3, 5, 11
List the prime factors of 96544.
2, 7, 431
What are the prime factors of 2106?
2, 3, 13
List the prime factors of 263.
263
List the prime factors of 897.
3, 13, 23
List the prime factors of 1184.
2, 37
What are the prime factors of 11836?
2, 11, 269
What are the prime factors of 5714?
2, 2857
List the prime factors of 40611.
3, 13537
What are the prime factors of 1447?
1447
List the prime factors of 8609.
8609
What are the prime factors of 18922?
2, 9461
What are the prime factors of 5041?
71
What are the prime factors of 49051?
181, 271
List the prime factors of 3554.
2, 1777
List the prime factors of 3203.
3203
List the prime factors of 3409.
7, 487
What are the prime factors of 2842?
2, 7, 29
List the prime factors of 603.
3, 67
List the prime factors of 84211.
84211
List the prime factors of 40522.
2, 20261
List the prime factors of 47.
47
List the prime factors of 561.
3, 11, 17
List the prime factors of 9078.
2, 3, 17, 89
List the prime factors of 902.
2, 11, 41
List the prime factors of 39071.
89, 439
List the prime factors of 7888.
2, 17, 29
What are the prime factors of 131385?
3, 5, 19, 461
What are the prime factors of 803?
11, 73
List the prime factors of 10204.
2, 2551
What are the prime factors of 122?
2, 61
What are the prime factors of 709?
709
List the prime factors of 9097.
11, 827
List the prime factors of 14188.
2, 3547
What are the prime factors of 11587?
11587
List the prime factors of 1755.
3, 5, 13
List the prime factors of 19893.
3, 19, 349
What are the prime factors of 1739?
37, 47
What are the prime factors of 24625?
5, 197
What are the prime factors of 3263?
13, 251
What are the prime factors of 2122?
2, 1061
What are the prime factors of 2151?
3, 239
What are the prime factors of 2734?
2, 1367
List the prime factors of 6538.
2, 7, 467
List the prime factors of 4030.
2, 5, 13, 31
What are the prime factors of 1285?
5, 257
List the prime factors of 14715.
3, 5, 109
What are the prime factors of 460?
2, 5, 23
List the prime factors of 26299.
7, 13, 17
What are the prime factors of 910?
2, 5, 7, 13
What are the prime factors of 65409?
3, 21803
What are the prime factors of 79377?
3, 26459
What are the prime factors of 1445?
5, 17
What are the prime factors of 2893?
11, 263
What are the prime factors of 1250?
2, 5
What are the prime factors of 1154?
2, 577
List the prime factors of 1730.
2, 5, 173
List the prime factors of 1851.
3, 617
List the prime factors of 9132.
2, 3, 761
What are the prime factors of 127?
127
List the prime factors of 8403.
3, 2801
List the prime factors of 47269.
47269
List the prime factors of 2343.
3, 11, 71
List the prime factors of 100593.
3, 11177
List the prime factors of 767.
13, 59
What are the prime factors of 36904?
2, 7, 659
List the prime factors of 192.
2, 3
List the prime factors of 144750.
2, 3, 5, 193
List the prime factors of 18311.
18311
What are the prime factors of 1542?
2, 3, 257
List the prime factors of 17196.
2, 3, 1433
List the prime factors of 24171.
3, 7, 1151
List the prime factors of 647.
647
List the prime factors of 3471.
3, 13, 89
What are the prime factors of 1140?
2, 3, 5, 19
List the prime factors of 5909.
19, 311
List the prime factors of 18040.
2, 5, 11, 41
List the prime factors of 1754.
2, 877
What are the prime factors of 2437?
2437
List the prime factors of 2720.
2, 5, 17
What are the prime factors of 15674?
2, 17, 461
List the prime factors of 9293.
9293
What are the prime factors of 12494?
2, 6247
List the prime factors of 4157.
4157
List the prime factors of 752.
2, 47
What are the prime factors of 63293?
167, 379
List the prime factors of 14616.
2, 3, 7, 29
What are the prime factors of 21833?
7, 3119
List the prime factors of 129.
3, 43
What are the prime factors of 5679?
3, 631
List the prime factors of 6053.
6053
List the prime factors of 39636.
2, 3, 367
List the prime factors of 19183.
19183
List the prime factors of 16891.
7, 19, 127
What are the prime factors of 1040?
2, 5, 13
List the prime factors of 19189.
31, 619
List the prime factors of 189.
3, 7
What are the prime factors of 5543?
23, 241
What are the prime factors of 833?
7, 17
List the prime factors of 1130.
2, 5, 113
List the prime factors of 4837.
7, 691
List the prime factors of 1567.
1567
List the prime factors of 5581.
5581
List the prime factors of 631.
631
What are the prime factors of 8664?
2, 3, 19
What are the prime factors of 645?
3, 5, 43
What are the prime facto